{"id":98,"date":"2017-11-19T08:02:15","date_gmt":"2017-11-19T08:02:15","guid":{"rendered":"http:\/\/casipan.com\/?page_id=98"},"modified":"2021-07-07T14:39:32","modified_gmt":"2021-07-07T14:39:32","slug":"feuershows","status":"publish","type":"page","link":"http:\/\/casipan.de\/","title":{"rendered":"Faszination Feuer"},"content":{"rendered":"\n<p class=\"has-text-align-right\"><span style=\"color: #000000;\"><span style=\"font-family: Arial, sans-serif;\">Feuer. N\u00e4hrend und zerst\u00f6rerisch zugleich sind wir fasziniert von seiner Macht und seiner F\u00fcrsorge. <\/span><\/span><\/p>\n\n\n\n<p class=\"has-text-align-right\"><span style=\"color: #000000;\"><span style=\"font-family: Arial, sans-serif;\">Lassen Sie sich begeistern von meinen Shows und Walk-Acts.<\/span><\/span><\/p>\n\n\n\n<p class=\"has-text-align-right\"><span style=\"color: #000000;\"><span style=\"font-family: Arial, sans-serif;\">Auf Wunsch tauchen Feuerskulpturen ihre Veranstaltung bereits vorher in ein zauberhaftes Licht.<\/span><\/span><\/p>\n\n\n\n<h2 class=\"has-white-color has-black-background-color has-text-color has-background\">Feuershows <\/h2>\n\n\n\n<h2 class=\"has-text-align-right has-black-color has-white-background-color has-text-color has-background\">Feuer Concierge&#8230;&#8230;&#8230;&#8230;&#8230;&#8230;&#8230;&#8230;..<img decoding=\"async\" loading=\"lazy\" width=\"1984\" height=\"2976\" class=\"wp-image-402\" style=\"width: 150px;\" src=\"http:\/\/casipan.com\/wp-content\/uploads\/2019\/09\/Eden-Sophie-Rimbach-Feuer-Concierge-mit-Pult-e1569520986347.jpg\" alt=\"\" srcset=\"http:\/\/casipan.de\/wp-content\/uploads\/2019\/09\/Eden-Sophie-Rimbach-Feuer-Concierge-mit-Pult-e1569520986347.jpg 1984w, http:\/\/casipan.de\/wp-content\/uploads\/2019\/09\/Eden-Sophie-Rimbach-Feuer-Concierge-mit-Pult-e1569520986347-200x300.jpg 200w, http:\/\/casipan.de\/wp-content\/uploads\/2019\/09\/Eden-Sophie-Rimbach-Feuer-Concierge-mit-Pult-e1569520986347-768x1152.jpg 768w, http:\/\/casipan.de\/wp-content\/uploads\/2019\/09\/Eden-Sophie-Rimbach-Feuer-Concierge-mit-Pult-e1569520986347-683x1024.jpg 683w\" sizes=\"(max-width: 1984px) 100vw, 1984px\" \/>                                <\/h2>\n\n\n\n<h2><span style=\"color: #000000;\"><span style=\"font-family: Arial, sans-serif;\">Der ideale Eisbrecher am Eingang Ihrer Veranstaltung!<\/span><\/span><\/h2>\n\n\n\n<p class=\"has-text-align-left\"><span style=\"color: #000000;\"><span style=\"font-family: Arial, sans-serif;\">Der Feuer Concierge bietet Ihren G\u00e4sten Feuer zum mitnehmen in einer Kasserolle an. Nachdem der Deckel kurz aufgesetzt wurde, ist das Feuer erloschen und in der Kasserolle erscheinen Streichh\u00f6lzer oder Feuerzeuge mit Ihrem Logo.<\/span><\/span><\/p>\n\n\n\n<p class=\"has-text-align-left\"><span style=\"color: #000000;\"><span style=\"font-family: Arial, sans-serif;\">Er bietet Ihnen gleichzeitig die M\u00f6glichkeit Ihren G\u00e4sten einen Werbetr\u00e4ger mit nach Hause zu geben.     <\/span><\/span><\/p>\n\n\n\n<h2 class=\"has-white-color has-black-background-color has-text-color has-background\">Feuerskulpturen<\/h2>\n\n\n\n<p class=\"has-text-align-center\" id=\"Feuer-Concierge\"> <a href=\"http:\/\/casipan.com\/?page_id=150\"> <\/a><\/p>\n\n\n\n<p><\/p>\n","protected":false},"excerpt":{"rendered":"<p>Feuer. N\u00e4hrend und zerst\u00f6rerisch zugleich sind wir fasziniert von seiner Macht und seiner F\u00fcrsorge. Lassen Sie sich begeistern von meinen Shows und Walk-Acts. Auf Wunsch tauchen Feuerskulpturen ihre Veranstaltung bereits vorher in ein zauberhaftes Licht. Feuershows Feuer Concierge&#8230;&#8230;&#8230;&#8230;&#8230;&#8230;&#8230;&#8230;.. Der ideale Eisbrecher am Eingang Ihrer Veranstaltung! Der Feuer Concierge bietet Ihren G\u00e4sten Feuer zum mitnehmen in &hellip; <\/p>\n<p class=\"link-more\"><a href=\"http:\/\/casipan.de\/\" class=\"more-link\">Mehr <span class=\"screen-reader-text\">\u00fcber &#8222;Faszination Feuer&#8220; <\/span>Lesen<\/a><\/p>\n","protected":false},"author":1,"featured_media":0,"parent":0,"menu_order":30,"comment_status":"closed","ping_status":"closed","template":"page-templates\/full-width-builder-bb.php","meta":[],"_links":{"self":[{"href":"http:\/\/casipan.de\/index.php?rest_route=\/wp\/v2\/pages\/98"}],"collection":[{"href":"http:\/\/casipan.de\/index.php?rest_route=\/wp\/v2\/pages"}],"about":[{"href":"http:\/\/casipan.de\/index.php?rest_route=\/wp\/v2\/types\/page"}],"author":[{"embeddable":true,"href":"http:\/\/casipan.de\/index.php?rest_route=\/wp\/v2\/users\/1"}],"replies":[{"embeddable":true,"href":"http:\/\/casipan.de\/index.php?rest_route=%2Fwp%2Fv2%2Fcomments&post=98"}],"version-history":[{"count":29,"href":"http:\/\/casipan.de\/index.php?rest_route=\/wp\/v2\/pages\/98\/revisions"}],"predecessor-version":[{"id":593,"href":"http:\/\/casipan.de\/index.php?rest_route=\/wp\/v2\/pages\/98\/revisions\/593"}],"wp:attachment":[{"href":"http:\/\/casipan.de\/index.php?rest_route=%2Fwp%2Fv2%2Fmedia&parent=98"}],"curies":[{"name":"wp","href":"https:\/\/api.w.org\/{rel}","templated":true}]}}