{"id":150,"date":"2017-11-19T09:34:28","date_gmt":"2017-11-19T09:34:28","guid":{"rendered":"http:\/\/casipan.com\/?page_id=150"},"modified":"2017-11-19T17:26:34","modified_gmt":"2017-11-19T17:26:34","slug":"feuerskulpturen","status":"publish","type":"page","link":"http:\/\/casipan.de\/?page_id=150","title":{"rendered":"Feuerskulpturen"},"content":{"rendered":"<p style=\"text-align: center;\"><span style=\"color: #000000;\"><span style=\"font-family: Arial, sans-serif;\">Seit 2010 besch\u00e4ftige ich mich intensiv mit Feuerskulpturen. 2011 belgete ich einen Kurs <a title=\"Zertifikat \" href=\"https:\/\/casipan.files.wordpress.com\/2013\/06\/zertifikat-kunst-aus-der-metallwerkstatt.jpg\" target=\"_blank\" rel=\"noopener\">&#8222;Kunst aus der Metallwerkstatt&#8220;<\/a>, um das n\u00f6tige Handwerkszeug zu lernen. Seit her teste und modifiziere ich meine Kreationen immer weiter, um dem Element Feuer noch n\u00e4her auf die Spur zu kommen und seine Faszination in einer Skulptur einzufangen,.<br \/>\n<\/span><\/span><\/p>\n<p style=\"text-align: center;\"><span style=\"color: #000000;\"><span style=\"font-family: Arial, sans-serif;\">\u00c4sthetischen Hochgenuss bieten alle Skulpturen. Das &#8222;Mandala&#8220; steht dar\u00fcber hinaus f\u00fcr das Verg\u00e4ngliche, das &#8222;Pepetuum Mobile&#8220; f\u00fcr die Unendlichkeit und der &#8222;Geysir&#8220; f\u00fcr die g\u00f6ttliche Vereinigung der Elemente aus West und Ost.<\/span><\/span><\/p>\n<p style=\"text-align: center;\"><span style=\"color: #000000;\"><span style=\"font-family: Arial, sans-serif;\">Klicken Sie auf die Bilder, um mehr \u00fcber meine Skulpturen zu erfahren.<\/span><\/span><\/p>\n<p style=\"text-align: center;\"><a href=\"http:\/\/casipan.com\/?page_id=196\"><img decoding=\"async\" loading=\"lazy\" class=\"alignnone size-thumbnail wp-image-398\" title=\"Mandala\" src=\"http:\/\/casipan.files.wordpress.com\/2012\/08\/mandala.jpg?w=180\" alt=\"\" width=\"180\" height=\"55\" \/><\/a> <a href=\"http:\/\/casipan.com\/?page_id=195\"><img decoding=\"async\" loading=\"lazy\" class=\"alignnone size-thumbnail wp-image-352\" title=\"Skulpturenpark\" src=\"http:\/\/casipan.files.wordpress.com\/2012\/08\/logo-feueruniversum1.jpg?w=180\" alt=\"\" width=\"180\" height=\"135\" \/><\/a> <a href=\"http:\/\/casipan.com\/?page_id=197\"><img decoding=\"async\" loading=\"lazy\" class=\"alignnone size-thumbnail wp-image-337\" title=\"7 Elemente Geysir\" src=\"http:\/\/casipan.files.wordpress.com\/2012\/08\/geysir2.jpg?w=180\" alt=\"\" width=\"180\" height=\"55\" \/><\/a><\/p>\n<p style=\"text-align: center;\"><a href=\"http:\/\/casipan.com\/?page_id=198\"><img decoding=\"async\" loading=\"lazy\" class=\"alignnone size-thumbnail wp-image-398\" title=\"Perpetuum Mobile\" src=\"http:\/\/casipan.files.wordpress.com\/2012\/08\/perpetuum.jpg?w=180\" alt=\"\" width=\"180\" height=\"55\" \/><\/a> <a href=\"http:\/\/casipan.com\/?page_id=199\"><img decoding=\"async\" loading=\"lazy\" class=\"alignnone size-thumbnail wp-image-354\" title=\"Funkenwand\" src=\"http:\/\/casipan.files.wordpress.com\/2012\/08\/funkenwand.jpg?w=180\" alt=\"\" width=\"180\" height=\"55\" \/><\/a> <a href=\"http:\/\/casipan.com\/?page_id=200\"><img decoding=\"async\" loading=\"lazy\" class=\"alignnone size-thumbnail wp-image-352\" title=\"Linienzauber\" src=\"http:\/\/casipan.files.wordpress.com\/2012\/08\/linienzauber3.jpg?w=180\" alt=\"\" width=\"180\" height=\"55\" \/><\/a><\/p>\n<p style=\"text-align: center;\"><iframe loading=\"lazy\" src=\"https:\/\/www.youtube.com\/embed\/af7GCy5NuoQ\" width=\"560\" height=\"315\" frameborder=\"0\" allowfullscreen=\"allowfullscreen\"><\/iframe><\/p>\n<p><span style=\"color: #000000;\"><span style=\"font-family: Arial, sans-serif;\"><a href=\"http:\/\/casipan.com\/?page_id=98\">zu den Feuershows<\/a><\/span><\/span><\/p>\n","protected":false},"excerpt":{"rendered":"<p>Seit 2010 besch\u00e4ftige ich mich intensiv mit Feuerskulpturen. 2011 belgete ich einen Kurs &#8222;Kunst aus der Metallwerkstatt&#8220;, um das n\u00f6tige Handwerkszeug zu lernen. Seit her teste und modifiziere ich meine Kreationen immer weiter, um dem Element Feuer noch n\u00e4her auf die Spur zu kommen und seine Faszination in einer Skulptur einzufangen,. \u00c4sthetischen Hochgenuss bieten alle &hellip; <\/p>\n<p class=\"link-more\"><a href=\"http:\/\/casipan.de\/?page_id=150\" class=\"more-link\">Mehr <span class=\"screen-reader-text\">\u00fcber &#8222;Feuerskulpturen&#8220; <\/span>Lesen<\/a><\/p>\n","protected":false},"author":1,"featured_media":13,"parent":98,"menu_order":50,"comment_status":"closed","ping_status":"closed","template":"","meta":[],"_links":{"self":[{"href":"http:\/\/casipan.de\/index.php?rest_route=\/wp\/v2\/pages\/150"}],"collection":[{"href":"http:\/\/casipan.de\/index.php?rest_route=\/wp\/v2\/pages"}],"about":[{"href":"http:\/\/casipan.de\/index.php?rest_route=\/wp\/v2\/types\/page"}],"author":[{"embeddable":true,"href":"http:\/\/casipan.de\/index.php?rest_route=\/wp\/v2\/users\/1"}],"replies":[{"embeddable":true,"href":"http:\/\/casipan.de\/index.php?rest_route=%2Fwp%2Fv2%2Fcomments&post=150"}],"version-history":[{"count":4,"href":"http:\/\/casipan.de\/index.php?rest_route=\/wp\/v2\/pages\/150\/revisions"}],"predecessor-version":[{"id":281,"href":"http:\/\/casipan.de\/index.php?rest_route=\/wp\/v2\/pages\/150\/revisions\/281"}],"up":[{"embeddable":true,"href":"http:\/\/casipan.de\/index.php?rest_route=\/wp\/v2\/pages\/98"}],"wp:featuredmedia":[{"embeddable":true,"href":"http:\/\/casipan.de\/index.php?rest_route=\/wp\/v2\/media\/13"}],"wp:attachment":[{"href":"http:\/\/casipan.de\/index.php?rest_route=%2Fwp%2Fv2%2Fmedia&parent=150"}],"curies":[{"name":"wp","href":"https:\/\/api.w.org\/{rel}","templated":true}]}}